pose j = 2*j - y. Let s = j - 1. What is the units digit of s?
4
Let z(i) = -27*i**3 - i**2 - 2*i - 1. What is the units digit of z(-1)?
7
Let b be (2 + 2/(-1))/(-1). Let h(f) be the third derivative of -f**5/60 - f**4/24 + f**3/2 + 4*f**2. What is the units digit of h(b)?
3
Let i = 12 + -4. Suppose z + i = y + 5*z, 40 = 5*y + 3*z. Suppose 8 = -4*c + y*c. What is the units digit of c?
2
Let m = 246 + -43. Suppose -4*y - 59 + m = 0. What is the tens digit of y?
3
Suppose 691 = 5*y - 24. What is the hundreds digit of y?
1
Let l be (9/(-6))/((-3)/(-4)). Let h be l*(5/(-2) - 2). What is the units digit of h/3*(-2)/(-3)?
2
Let g be -1*(-2 + 2 + 1). What is the units digit of -2 + g + -3 + 31?
5
Let k(y) = -23*y + 7. Let g(j) = 4*j - 1. Let s(l) = 34*g(l) + 6*k(l). What is the units digit of s(-6)?
0
Let t = -7 + 11. Suppose 0 = -7*r + 2*r - 4*k + 21, -r + 6 = -k. Suppose r*o - t*o = 12. What is the tens digit of o?
1
Let a(v) = -28*v - 15. What is the tens digit of a(-3)?
6
Let j(c) = -2*c**2 + 12*c - 1. Let i(k) = -5*k**2 + 24*k - 3. Let l(q) = -3*i(q) + 7*j(q). What is the tens digit of l(-15)?
4
Suppose -8*i - 8 + 160 = 0. What is the units digit of i?
9
Suppose 12 = 4*r - r. Suppose -c = -r*c + 15. What is the units digit of c?
5
Let q(a) = a**2 - 13*a - 5*a**2 + 2*a**2 + 19 + a**2. What is the tens digit of q(-13)?
1
Suppose 78*d - 81*d + 576 = 0. What is the hundreds digit of d?
1
Suppose 3*y - 71 = m, -y + 3*m + 42 = -m. What is the units digit of y?
2
Suppose 4*z + 0*z + 514 = 3*r, 3*z - 167 = -r. What is the units digit of r?
0
Let h = 14 + -9. Let p = 23 - h. What is the units digit of (3 - 4)/((-2)/p)?
9
Let j(k) = -15 - k**2 + 19 - 2*k + 2*k**2. Let i be j(4). What is the units digit of (0 - 1)/((-3)/i)?
4
Let j be 3/6 - 3/(-2). Suppose 0 = -r + j + 1. Suppose -r*d - 50 = -8*d. What is the units digit of d?
0
Let i = 531 - 374. What is the tens digit of i?
5
Let p(u) = -8*u + 19*u - 2 + 3. What is the tens digit of p(1)?
1
Let u = 103 + -15. What is the units digit of u?
8
Let y = 1 - -2. Suppose 0 = -y*o + 106 + 44. Suppose -o = -5*t + 30. What is the units digit of t?
6
Suppose -3*k + 3*o = 24, -2*k - 6*o + 5*o = 1. Let x be 0 - 0*k/6. Suppose x = 6*z - 3*z - 18. What is the units digit of z?
6
Let f be -1*1*(8 + 30). What is the units digit of (f/(-5))/(3/15)?
8
Let n be (1/(-2))/((-4)/(-8)). Let d(j) = 3*j**2 + 2*j + 1. Let f be d(n). Suppose -18 = -f*m - 4. What is the units digit of m?
7
Let k(r) = -21*r**2 - 5*r - 3. Let w(o) = -31*o**2 - 7*o - 4. Let d(t) = -7*k(t) + 5*w(t). Let z be d(-1). Let a = 21 + z. What is the tens digit of a?
1
Suppose 0 = -0*z + 2*z - 2*r - 68, 5*r = -z + 34. What is the tens digit of z?
3
Let v(p) = 5*p**2 + p - 5. What is the units digit of v(2)?
7
Suppose -v - 152 = -5*m + 4*m, 593 = 4*m - v. What is the units digit of (-7)/(m/(-18))*14?
2
Let p = -54 + 81. Suppose -2*g + p = g. What is the units digit of g?
9
Suppose -8*l = -5*l - 2*t - 813, -4*l = t - 1095. What is the hundreds digit of l?
2
Let d be -2 - ((-4)/(-2) + -8). Suppose -3*c + a + 10 = 4, 0 = -d*c + 3*a + 13. What is the units digit of c?
1
Let z be (0 + 7)/((-4)/(-8)). Let q = 1 - z. Let v = q + 18. What is the units digit of v?
5
Let r = -56 - -42. Let n be -4 - -1*0/(-1). What is the units digit of 30/7 - n/r?
4
Let q = 448 - 263. Suppose 10 = 5*w - q. What is the units digit of w?
9
Let a(w) = -w + 7. Let l be a(0). What is the units digit of (l/28)/(2/40)?
5
Suppose -37 - 19 = -4*q. What is the units digit of q?
4
What is the tens digit of 27 + (1 - (-2 + -1))?
3
Let r(m) = -m**3 + 4*m**2 - 3*m + 2. Let j be r(2). Suppose 3*a + j - 25 = 0. What is the units digit of a?
7
Suppose -3 = -2*c - c, -4*c + 2 = -d. Let i be d + (118 - 0) - 3. What is the tens digit of i/(-6)*(-4)/6?
1
Let o(r) be the first derivative of r - 1 + 2*r**2 + 1/3*r**3. What is the units digit of o(-5)?
6
Suppose 2*a = 7*a + 30. Let x = a + 8. What is the units digit of x?
2
Suppose 40 = -15*i + 17*i. What is the tens digit of i?
2
Let c be (1 + 0)*(4 - 1). Suppose 4*z - 2*z + 2 = 0. What is the units digit of z/(c/(-15) + 0)?
5
Suppose -109 - 29 = -w. What is the hundreds digit of w?
1
Let o(z) = -z + 15. What is the units digit of o(7)?
8
Let u = -8 - -18. What is the tens digit of u?
1
Suppose -12*c + 1711 - 451 = 0. What is the units digit of c?
5
Suppose 7*j + 190 = 12*j. What is the tens digit of j?
3
Let v(w) = -67*w + 2. What is the tens digit of v(-1)?
6
Let h(q) = -2*q**3 + 2*q**2 - 2*q - 3. Let a be h(-3). Let t = a - 54. What is the units digit of t?
1
Let b(z) = -z**3 + 13*z**2 - 17*z + 10. What is the units digit of b(11)?
5
Suppose -2*a - 4 = -6*a. Suppose a = 2*y - 3. Let i = y + 1. What is the units digit of i?
3
Let y(s) = s**2 - 4*s + 10 - 4*s + s. What is the tens digit of y(7)?
1
Let p(u) = 67*u - 2. Let g be p(1). Let o = g + -33. What is the units digit of o?
2
Let j = -9 + 15. Suppose -j = -x - 0*x. What is the units digit of x?
6
What is the hundreds digit of 234 + (1 - 0) - 5?
2
Let p be (-16)/(-5) - 3/15. Suppose -p*c = 2*c - 10. What is the units digit of (4 - 2)/(c/6)?
6
Let i be (-1)/(-2 + 7/3). What is the units digit of 1 - 0 - (-7 + i)?
1
Let l(x) = 9*x**2 + x + 7. Let z(r) = -5*r**2 - r - 4. Let h(p) = 3*l(p) + 5*z(p). What is the tens digit of h(-3)?
2
Let q be 19 + (0 - -1) + -1. Let m = 21 - q. What is the units digit of m?
2
Suppose -2*a = -7*a. Suppose 0 = g - a*g - 3. What is the units digit of g?
3
Let r(k) = k**2 + k + 1. What is the units digit of r(-4)?
3
Suppose -3*p + 124 = 3*j - 20, -3*j + 123 = -4*p. Let k = 12 - 3. Suppose -2*i = -2*s + j - k, -2*i - 72 = -4*s. What is the units digit of s?
8
Let b(s) = 2*s + 3. What is the tens digit of b(12)?
2
Let m(i) = 4*i - 1. What is the units digit of m(7)?
7
Suppose 3*o - 6 + 0 = 0. Let z(l) = 7*l**o + 7*l + 4*l**2 + 4*l + l**3 - 2*l + 4. What is the tens digit of z(-10)?
1
Suppose 5*z - 132 = -17. Suppose -4*q - 12 = -2*k, k + 3*q - 3 = z. What is the units digit of k?
4
Suppose 6*l = l + f + 15, -1 = -4*l + 3*f. Suppose -2*t = -4*t + l. What is the units digit of t?
2
Let y(i) = -i**2 + 5*i - 2. Let l be y(3). Let x(v) = v**2 + 2*v - 3. Let f(u) = -u**2 - u + 4. Let s(r) = l*f(r) + 5*x(r). What is the units digit of s(-6)?
1
What is the tens digit of ((-3)/(9/186))/(2/(-5))?
5
Suppose 0 = 3*p + p. Let q be (-8)/(-28) + (-5)/(-7). What is the units digit of (1 - (p - 0)) + q?
2
Suppose 2*j = -3*j. Suppose -y = y - 6. Suppose -y*m + j = -3. What is the units digit of m?
1
Let d be ((-2)/(-6))/((-2)/(-6)). Let l be -5*3/(-3)*d. Suppose -l*h = 4*y - 35 - 5, 0 = 4*y + 4*h - 36. What is the units digit of y?
5
Let v be 2/(3*3/207). Suppose m = -3*k - 3*m + 69, 2*k - m = v. What is the tens digit of k?
2
Let d be 2*-2*2/8. Let b = d + -3. Let f = b + 11. What is the units digit of f?
7
Let t be (-870)/(-75) - (-4)/10. What is the units digit of 0*3/t + 2?
2
Let q(c) = -c**3 - c. Suppose 2*n = 3*b - 4, -23 = 5*b + n - 8. What is the units digit of q(b)?
0
Let w(p) = -p**2 - 6*p + 4. Let k be w(-5). Suppose 0 = -b - 1, 2*v - b = -1 - 4. Let t = k - v. What is the units digit of t?
2
Suppose -4*g - 150 = -9*g. What is the units digit of g?
0
Let l = 176 + -66. Suppose 3*t - t = 8, 0 = 5*z + 5*t - l. What is the units digit of z?
8
Let w(l) = l**3 + 4*l**2 - l. Let t be w(-4). Suppose 0 = -3*j - j + t. Let n(f) = 4*f**3 - 2*f**2 + 2*f - 1. What is the units digit of n(j)?
3
Let a(p) be the first derivative of 2*p**3 + p + 2. What is the units digit of a(-1)?
7
Let j be 16/10*5/2. Let o = j - 1. What is the units digit of o?
3
Let k = -96 + 183. What is the units digit of k?
7
Suppose 12 = 5*k - k. Suppose -3*r - k*n + 6*n = -54, n + 4 = 0. Let u = r + -10. What is the units digit of u?
4
Suppose -3*i = 3*k - 11 - 10, 2*i - 5*k + 7 = 0. Suppose -i*v - 2 = -6. Suppose 3*n - 11 = v. What is the units digit of n?
4
Let m = 12 + -20. Suppose 4*n = 10 - 22. What is the units digit of -2 - n - 1*m?
9
Let y = 16 + -10. Let m(p) = -5*p**2 - p - 1 + p**3 + 8 - 6*p. What is the units digit of m(y)?
1
Suppose -9*w = -5*w - 360. What is the units digit of w?
0
Let b = 129 - 8. What is the hundreds digit of b?
1
Let m(h) be the second derivative of h**5/20 - 5*h**4/12 + h**2/2 - 2*h. What 